hat is the units digit of (-3434867)/(-582) + 2/12?
2
Suppose -u + 11 + 8 = 0. Let i(m) = -13 - 16*m + m**2 + 52*m - u*m - 18*m. What is the units digit of i(7)?
9
Let q(k) = 20*k**2 - 4*k - 2*k - k - 26*k**2 - k**3 - 10. Let o be q(-5). Suppose -d = 3*u - 97, 4*u - 3*d = -o*d + 125. What is the units digit of u?
2
Let h(l) = -19*l + 262. Let b be h(13). What is the tens digit of 72/b + -4 - (-982)/10?
9
What is the thousands digit of (-182110)/(-50) - -2 - 5/25?
3
Let h be 3/(-3) - 8/16*-6. Suppose -4*g - 35 = -15, -h*g + 2442 = 4*k. What is the tens digit of k?
1
Suppose -k - 3*i = 9, 5*i + 11 = 23*k - 26*k. Suppose -k*g + 4452 = -20*b + 22*b, 4467 = 3*g - 3*b. What is the units digit of g?
6
Suppose -4*t - h - 3*h = -144, -4*t + 3*h = -151. Let g = 55 - t. What is the units digit of ((3 - 1) + g/(-8))*-20?
5
Let s be ((-1057)/28 - (-3)/(-12))*-1. Suppose -2*f - 33*j + 3641 = -s*j, 4*j = -4*f + 7240. What is the tens digit of f?
1
Suppose 4*x + 22057 = 27*x - 34730. What is the hundreds digit of x?
4
Suppose 0*c + 4 = c. Let y(o) = 5*o + 91. Let u(b) = 5*b + 31. Let n(x) = 11*u(x) - 4*y(x). What is the tens digit of n(c)?
1
Let i(u) = -92*u - 8. Suppose -3*p + 10 = 25. Let v be i(p). Suppose -98 = -10*o + v. What is the units digit of o?
5
Let s(d) = -2*d**2 + 9*d - 11. Let f be s(13). What is the units digit of 3 + f/80 - 4229/(-10)?
3
Suppose 135172 = 3*u + d + 35916, 5*d = -4*u + 132323. What is the tens digit of u?
8
Let x = -1245 - -1251. Let d be (-162)/4 + 2/4. What is the tens digit of (288/(-30))/(x/d)?
6
Suppose -5*x - 96 = 3*x. Let a = x - -16. Suppose 4*i + 540 = a*g, 0 = -4*g - 2*i - i + 526. What is the tens digit of g?
3
Let k(m) = -m**3 - 2*m**2 + 3*m + 2. Let g be k(-3). Let j(n) = 6*n**3 - 2*n**2 + 3*n + 1. Let d be j(g). Let i = 18 + d. What is the units digit of i?
5
Suppose -j - 4*z = -16806, 5*z = 17 - 32. What is the ten thousands digit of j?
1
Suppose -43*g = -41*g - 252. Suppose -g - 1006 = -r. What is the thousands digit of r?
1
Suppose 32*p - 111*p + 708314 = 0. What is the tens digit of p?
6
Let z = -4 - -1. Let o(m) = -5*m**3 - m**2 - 3*m. Let b(i) = 10*i**3 + i**2 + 7*i - 1. Let r(h) = 2*b(h) + 5*o(h). What is the units digit of r(z)?
9
Suppose 13*n + 50 - 154 = 0. Suppose 2*t - n*t + 432 = 0. What is the units digit of t?
2
Let v be (42/9)/(6/(-27)*3). Let m be (-6 - -4)*406/v. Suppose -401 = -5*s - m. What is the units digit of s?
7
Suppose 7*p - 23 + 2 = 0. Suppose -p*v + 63 = -5*n, 3*n = -4*v + 71 - 16. Let u = 75 - v. What is the units digit of u?
9
Suppose 49974 = 2*r - 4*k + 8*k, 74950 = 3*r - 5*k. What is the thousands digit of r?
4
Let v = 90173 - 52650. What is the tens digit of v?
2
Let r(k) = k + 1. Let g be r(-3). Let b be (21/(-6) - g)*2*3. What is the tens digit of b/2*(-116)/3?
7
Suppose -3767 = -5*l - 3*o + 1714, 2*o + 2202 = 2*l. What is the units digit of l?
8
Let n be ((192/(-15))/8)/(2/(-10)). Suppose -3*j - 120 = -n*j. Suppose 0 = -j*x + 31*x - 378. What is the tens digit of x?
5
Let l = 212 - -3268. What is the hundreds digit of l?
4
Let g be 5*6/15*-347*(-27)/18. Suppose 0 = o + 3*o - 52. Suppose -1572 - g = -o*f. What is the tens digit of f?
0
Let n(c) = 22*c**2 - 11*c**2 - 9 - 8 - 2*c - 23*c. Let b be n(9). Let x = -458 + b. What is the tens digit of x?
9
Let w(r) = 2*r**2 + 13*r + 14. Let y = -79 + 72. Let x be w(y). What is the units digit of (6/(-2) + x)*2?
6
Let u be (3 - 140/50) + (-9366)/5. Let c = 2633 + u. What is the hundreds digit of c?
7
Let l be (-317)/(-4) + 2/(-8). Suppose 86 = -4*o - 2*j, o - l = 5*o - 5*j. Let w = 175 - o. What is the hundreds digit of w?
1
Suppose -9997*s + 704257 = -9956*s. What is the hundreds digit of s?
1
What is the tens digit of 1/((-73057)/(-9132) + (52 - 60))?
3
Suppose -x = -22*x - 105. What is the hundreds digit of (-941 + 2)*(x - 44/(-12))?
2
Suppose 0 = 26*o - 699065 - 53505. What is the ten thousands digit of o?
2
Let l(p) = -p**3 - 6*p**2 - 5*p - 3. Let a be 5*1*(-1)/1. Let g be l(a). What is the units digit of (1 - 13)*(-1 - (-1 - g))?
6
Let n = -1118 - -2767. Let l = n - 937. What is the hundreds digit of l?
7
Let x = -40868 + 84018. What is the thousands digit of x?
3
Let w(n) = 6*n**2 - 7*n + 6. Let m be w(4). Let a(r) = 5*r**2 - 15*r + 36. Let q be a(4). Let k = m - q. What is the tens digit of k?
1
Let b = -5147 + 11469. What is the units digit of b?
2
Let b = 348 - 328. Suppose 0 = 2*t + 43*h - 41*h - 336, -4*h = b. What is the units digit of t?
3
Let r = 20565 - 7139. What is the thousands digit of r?
3
Let r(v) = -3*v**2 - 35*v + 18. Let d be r(-12). Suppose 20*t = d*t + 5446. What is the hundreds digit of t?
3
Suppose -4352 = 17*q - 81*q. What is the tens digit of q?
6
Suppose 1232*i = 757*i + 39471550. What is the tens digit of i?
9
Let t(m) = 5*m**2 + 31*m - 8. Let u be t(-7). Suppose -u*d = -22*d + 4, -4*d = -x + 1359. What is the hundreds digit of x?
3
Suppose -52*y - 92*y + 541296 = 0. What is the units digit of y?
9
Suppose 4*f + n = 5*f + 6, 4*f - 5*n = -27. Let v = -29 + 28. What is the units digit of (340/(-2))/(f - (0 + v))?
5
Suppose 4*u - 2957 = -h, -8871 = 8*h - 11*h + u. Let y = h + -1970. What is the hundreds digit of y?
9
Let b be (2 - (-24)/(-14)) + (-29059)/7. Let j = b - -2271. What is the tens digit of 6/(-27) + j/(-36)?
5
Let i(q) = q**3 - 3*q**2 - 5*q - 9. Let z be i(7). Let k = -84 + z. What is the units digit of k?
8
Let i = -190 + 342. Let d be i - ((-28)/(-21) - 5/(-3)). Let y = 294 - d. What is the units digit of y?
5
Let q(c) = -4*c - 20. Let f be q(11). Let o = f - -28. What is the units digit of (o + -3)*(-3 - (-1)/(-3))?
0
Suppose 8*h - w + 16263 = 13*h, 4*w - 6498 = -2*h. What is the units digit of h?
3
Let f(a) = 29*a - 19. Let u = 6 + 129. Let q be 162/u*(-20)/(-6). What is the tens digit of f(q)?
9
Let h = -8613 + 32430. What is the thousands digit of h?
3
Let l = 145 + 52. Let d = 229 - l. What is the tens digit of d?
3
Let h = 287 + -297. What is the units digit of 2316/h*25/(-10)?
9
Suppose -w + 592 = -3*b, -2*b = -0*w - 3*w + 1748. Let v = 1087 - w. What is the hundreds digit of v?
5
Let y = -6 - -37. Let a = 33 - y. Suppose 52 = a*z - 6. What is the tens digit of z?
2
Let j be (-1)/3*(-9 + 0). Suppose -s + 5*r = -344, -j*s + 4*r - 1013 = -6*s. What is the tens digit of s?
3
Suppose 0 = 3*j - 4230 - 285. Suppose -2*o + 3*y = -1012, -3*o - 55*y + j = -53*y. What is the hundreds digit of o?
5
Let o = 8130 - 3986. What is the hundreds digit of o?
1
Let t(n) = -25*n - 97. Let b(f) = -12*f + 14 - 63 + 1. Let k(r) = 5*b(r) - 2*t(r). What is the tens digit of k(-23)?
8
Let j(y) = 18*y - 165*y**2 + 20 - 30*y + 197*y**2. What is the units digit of j(5)?
0
Suppose -21 = -10*l - 141. What is the thousands digit of 3/1*(-4820)/l?
1
Let j(o) = -o**2 - 8*o - 2. Let f(g) = 2*g**2 + 7*g + 2. Let w(i) = 3*f(i) + 4*j(i). Let d = -465 + 473. What is the tens digit of w(d)?
3
Let c(d) = -3147*d + 1561*d + 31 + 1584*d. Let f = 2 - -7. What is the units digit of c(f)?
3
Let d(h) = 2*h + 6. Let z be d(0). Suppose -z*j + 182 = 14. What is the units digit of ((-8)/j)/((-1)/14)?
4
Let s(c) = -152*c - 82. Suppose -52*i = -35*i + 51. What is the hundreds digit of s(i)?
3
Let g(c) = -2*c + 7. Let h be g(14). What is the hundreds digit of 14/h*-831 + -3?
5
Let y = 298 + -296. Suppose u = 4*d + 378 + 443, y*d - 821 = -u. What is the units digit of u?
1
Suppose 5436 = t + 3*z, 2*t + z = -4*z + 10875. Suppose 1320*c + t = 1329*c. What is the units digit of c?
5
Let r = 74207 + -47421. What is the units digit of r?
6
Let y be -3 - (3/(-2))/(3/44). What is the units digit of y/95 + (-1904)/(-5)?
1
Let y be (1 - -73) + 11/(-14 - -25). Suppose -y*c = -82*c + 2478. What is the units digit of c?
4
Suppose -52 = 5*v - 2*o, 2 = -3*v - 5*o - 23. What is the tens digit of 5 - (-5 - v) - -390?
9
Let n(z) = -7*z - 33. Let b(o) = -3*o**3 + 2*o**2 + 3*o + 1. Let c be b(-1). Suppose 3*q - 4*r + 15 = 0, -2*r + 10 = -c*q - 5. What is the units digit of n(q)?
2
Suppose 0 = -8*l + 5*l + 9. Suppose 0 = l*w - 6 - 9. Suppose w*b + 110 = 2*f, 3*f + 14 = 3*b + 170. What is the tens digit of f?
5
What is the hundreds digit of (11/3 - 3) + (-7)/(84/(-176944))?
7
Let p = -2764 + 3303. What is the units digit of p?
9
Let h(x) = -x**3 - 5*x**2 + 3